Calculate the remainder when 142 is divided by 9.
7
Calculate the remainder when 1120 is divided by 115.
85
Calculate the remainder when 430 is divided by 103.
18
Calculate the remainder when 57 is divided by 10.
7
Calculate the remainder when 870 is divided by 276.
42
Calculate the remainder when 38 is divided by 24.
14
Calculate the remainder when 185 is divided by 38.
33
Calculate the remainder when 191 is divided by 63.
2
Calculate the remainder when 2071 is divided by 67.
61
Calculate the remainder when 383 is divided by 74.
13
What is the remainder when 93 is divided by 40?
13
Calculate the remainder when 308 is divided by 235.
73
Calculate the remainder when 8656 is divided by 39.
37
Calculate the remainder when 316 is divided by 113.
90
Calculate the remainder when 1700 is divided by 456.
332
Calculate the remainder when 552 is divided by 123.
60
Calculate the remainder when 237 is divided by 14.
13
What is the remainder when 3360 is divided by 58?
54
What is the remainder when 179 is divided by 51?
26
What is the remainder when 2113 is divided by 58?
25
Calculate the remainder when 47 is divided by 25.
22
What is the remainder when 1401 is divided by 18?
15
Calculate the remainder when 80 is divided by 9.
8
What is the remainder when 2697 is divided by 205?
32
Calculate the remainder when 209 is divided by 15.
14
What is the remainder when 24432 is divided by 19?
17
Calculate the remainder when 144 is divided by 83.
61
Calculate the remainder when 174 is divided by 80.
14
Calculate the remainder when 93 is divided by 32.
29
Calculate the remainder when 84 is divided by 10.
4
Calculate the remainder when 43 is divided by 3.
1
Calculate the remainder when 124 is divided by 55.
14
What is the remainder when 619 is divided by 28?
3
What is the remainder when 678 is divided by 136?
134
What is the remainder when 405 is divided by 356?
49
Calculate the remainder when 143 is divided by 36.
35
Calculate the remainder when 660 is divided by 54.
12
What is the remainder when 1913 is divided by 956?
1
What is the remainder when 4909 is divided by 25?
9
What is the remainder when 422 is divided by 17?
14
Calculate the remainder when 345 is divided by 38.
3
What is the remainder when 47 is divided by 17?
13
What is the remainder when 161 is divided by 52?
5
Calculate the remainder when 365 is divided by 54.
41
What is the remainder when 450 is divided by 154?
142
What is the remainder when 69 is divided by 64?
5
What is the remainder when 3925 is divided by 8?
5
What is the remainder when 1481 is divided by 19?
18
Calculate the remainder when 639 is divided by 54.
45
What is the remainder when 659 is divided by 419?
240
Calculate the remainder when 75 is divided by 42.
33
Calculate the remainder when 377 is divided by 17.
3
What is the remainder when 186 is divided by 32?
26
Calculate the remainder when 606 is divided by 110.
56
Calculate the remainder when 503 is divided by 51.
44
Calculate the remainder when 346 is divided by 31.
5
What is the remainder when 5071 is divided by 18?
13
Calculate the remainder when 611 is divided by 86.
9
What is the remainder when 333 is divided by 17?
10
Calculate the remainder when 329 is divided by 126.
77
What is the remainder when 119 is divided by 24?
23
Calculate the remainder when 1954 is divided by 651.
1
Calculate the remainder when 36 is divided by 13.
10
What is the remainder when 1466 is divided by 25?
16
Calculate the remainder when 444 is divided by 5.
4
What is the remainder when 932 is divided by 105?
92
What is the remainder when 212 is divided by 18?
14
Calculate the remainder when 316 is divided by 107.
102
Calculate the remainder when 308 is divided by 24.
20
Calculate the remainder when 558 is divided by 530.
28
Calculate the remainder when 272 is divided by 12.
8
What is the remainder when 2926 is divided by 23?
5
Calculate the remainder when 179 is divided by 92.
87
What is the remainder when 13998 is divided by 80?
78
What is the remainder when 118 is divided by 18?
10
Calculate the remainder when 155 is divided by 96.
59
Calculate the remainder when 238 is divided by 10.
8
Calculate the remainder when 201 is divided by 104.
97
What is the remainder when 557 is divided by 40?
37
Calculate the remainder when 1121 is divided by 66.
65
What is the remainder when 1717 is divided by 470?
307
What is the remainder when 84 is divided by 80?
4
What is the remainder when 59 is divided by 57?
2
Calculate the remainder when 155 is divided by 41.
32
What is the remainder when 133 is divided by 35?
28
What is the remainder when 485 is divided by 130?
95
Calculate the remainder when 3929 is divided by 36.
5
Calculate the remainder when 140 is divided by 21.
14
What is the remainder when 156 is divided by 84?
72
What is the remainder when 152 is divided by 101?
51
Calculate the remainder when 40 is divided by 16.
8
What is the remainder when 455 is divided by 26?
13
What is the remainder when 957 is divided by 24?
21
Calculate the remainder when 83 is divided by 14.
13
What is the remainder when 909 is divided by 26?
25
Calculate the remainder when 1028 is divided by 85.
8
Calculate the remainder when 5566 is divided by 7.
1
Calculate the remainder when 165 is divided by 79.
7
What is the remainder when 8843 is divided by 201?
200
What is the remainder when 59 is divided by 22?
15
What is the remainder when 2142 is divided by 62?
34
What is the remainder when 753 is divided by 39?
12
Calculate the remainder when 4760 is divided by 18.
8
Calculate the remainder when 602 is divided by 173.
83
Calculate the remainder when 5116 is divided by 64.
60
What is the remainder when 6233 is divided by 347?
334
Calculate the remainder when 33 is divided by 19.
14
Calculate the remainder when 647 is divided by 13.
10
Calculate the remainder when 471 is divided by 245.
226
Calculate the remainder when 160 is divided by 23.
22
Calculate the remainder when 140 is divided by 72.
68
Calculate the remainder when 264 is divided by 58.
32
What is the remainder when 144 is divided by 49?
46
What is the remainder when 453 is divided by 4?
1
What is the remainder when 1711 is divided by 348?
319
Calculate the remainder when 9321 is divided by 190.
11
What is the remainder when 191 is divided by 20?
11
What is the remainder when 60 is divided by 21?
18
Calculate the remainder when 10639 is divided by 190.
189
What is the remainder when 241 is divided by 62?
55
What is the remainder when 266 is divided by 3?
2
Calculate the remainder when 777 is divided by 60.
57
What is the remainder when 239 is divided by 30?
29
Calculate the remainder when 244 is divided by 226.
18
What is the remainder when 149 is divided by 26?
19
What is the remainder when 278 is divided by 71?
65
Calculate the remainder when 416 is divided by 106.
98
Calculate the remainder when 267 is divided by 30.
27
Calculate the remainder when 480 is divided by 272.
208
Calculate the remainder when 129 is divided by 36.
21
What is the remainder when 210 is divided by 154?
56
What is the remainder when 3756 is divided by 40?
36
Calculate the remainder when 45 is divided by 20.
5
Calculate the remainder when 105 is divided by 10.
5
What is the remainder when 297 is divided by 60?
57
Calculate the remainder when 339 is divided by 165.
9
What is the remainder when 1300 is divided by 31?
29
What is the remainder when 630 is divided by 235?
160
What is the remainder when 3167 is divided by 36?
35
Calculate the remainder when 5174 is divided by 75.
74
Calculate the remainder when 9880 is divided by 122.
120
Calculate the remainder when 524 is divided by 4.
0
Calculate the remainder when 224 is divided by 214.
10
What is the remainder when 419 is divided by 61?
53
What is the remainder when 98 is divided by 50?
48
What is the remainder when 2218 is divided by 2206?
12
What is the remainder when 1814 is divided by 121?
120
Calculate the remainder when 2356 is divided by 37.
25
What is the remainder when 4314 is divided by 2157?
0
Calculate the remainder when 3519 is divided by 160.
159
What is the remainder when 935 is divided by 7?
4
What is the remainder when 893 is divided by 45?
38
What is the remainder when 737 is divided by 222?
71
Calculate the remainder when 165 is